e factors of 104560.
2, 5, 1307
What are the prime factors of 7804?
2, 1951
What are the prime factors of 3321?
3, 41
What are the prime factors of 25682?
2, 12841
List the prime factors of 146.
2, 73
List the prime factors of 17512.
2, 11, 199
List the prime factors of 99426.
2, 3, 73, 227
List the prime factors of 8724.
2, 3, 727
List the prime factors of 102448.
2, 19, 337
List the prime factors of 17577.
3, 7, 31
List the prime factors of 5207.
41, 127
List the prime factors of 150092.
2, 157, 239
List the prime factors of 125300.
2, 5, 7, 179
List the prime factors of 844.
2, 211
What are the prime factors of 3849?
3, 1283
What are the prime factors of 4915?
5, 983
What are the prime factors of 16804?
2, 4201
What are the prime factors of 321?
3, 107
What are the prime factors of 4435?
5, 887
List the prime factors of 56481.
3, 67, 281
List the prime factors of 92550.
2, 3, 5, 617
What are the prime factors of 13292?
2, 3323
What are the prime factors of 55323?
3, 683
What are the prime factors of 1487?
1487
What are the prime factors of 32740?
2, 5, 1637
List the prime factors of 28825.
5, 1153
What are the prime factors of 2562?
2, 3, 7, 61
List the prime factors of 487.
487
What are the prime factors of 8069?
8069
List the prime factors of 15346.
2, 7673
What are the prime factors of 40525?
5, 1621
List the prime factors of 6237.
3, 7, 11
List the prime factors of 1452.
2, 3, 11
List the prime factors of 9696.
2, 3, 101
List the prime factors of 38031.
3, 7, 1811
What are the prime factors of 24264?
2, 3, 337
What are the prime factors of 720?
2, 3, 5
What are the prime factors of 34364?
2, 11, 71
List the prime factors of 814.
2, 11, 37
List the prime factors of 120651.
3, 131, 307
What are the prime factors of 40478?
2, 37, 547
List the prime factors of 88468.
2, 17, 1301
What are the prime factors of 46706?
2, 11, 193
What are the prime factors of 30843?
3, 23, 149
What are the prime factors of 16146?
2, 3, 13, 23
What are the prime factors of 3851?
3851
What are the prime factors of 2266?
2, 11, 103
List the prime factors of 33093.
3, 3677
List the prime factors of 36612.
2, 3, 113
What are the prime factors of 18595?
5, 3719
List the prime factors of 60062.
2, 59, 509
What are the prime factors of 25777?
149, 173
List the prime factors of 275.
5, 11
List the prime factors of 3651.
3, 1217
What are the prime factors of 1762?
2, 881
What are the prime factors of 3656?
2, 457
What are the prime factors of 1772?
2, 443
List the prime factors of 53627.
7, 47, 163
What are the prime factors of 9649?
9649
What are the prime factors of 2393?
2393
List the prime factors of 2551.
2551
List the prime factors of 5929.
7, 11
List the prime factors of 29701.
7, 4243
What are the prime factors of 4317?
3, 1439
List the prime factors of 1182.
2, 3, 197
List the prime factors of 3169.
3169
List the prime factors of 12785.
5, 2557
What are the prime factors of 601?
601
What are the prime factors of 8700?
2, 3, 5, 29
List the prime factors of 45579.
3, 15193
List the prime factors of 12546.
2, 3, 17, 41
What are the prime factors of 1896?
2, 3, 79
What are the prime factors of 511?
7, 73
What are the prime factors of 3176?
2, 397
What are the prime factors of 1404?
2, 3, 13
List the prime factors of 4144.
2, 7, 37
List the prime factors of 80.
2, 5
List the prime factors of 10368.
2, 3
What are the prime factors of 7852?
2, 13, 151
What are the prime factors of 2139?
3, 23, 31
What are the prime factors of 1349?
19, 71
What are the prime factors of 9337?
9337
List the prime factors of 468.
2, 3, 13
What are the prime factors of 3569?
43, 83
List the prime factors of 3738.
2, 3, 7, 89
List the prime factors of 5928.
2, 3, 13, 19
What are the prime factors of 2816?
2, 11
List the prime factors of 258.
2, 3, 43
List the prime factors of 48156.
2, 3, 4013
What are the prime factors of 24748?
2, 23, 269
List the prime factors of 398.
2, 199
List the prime factors of 752.
2, 47
List the prime factors of 3597.
3, 11, 109
What are the prime factors of 5?
5
List the prime factors of 6523.
11, 593
What are the prime factors of 13192?
2, 17, 97
What are the prime factors of 580?
2, 5, 29
List the prime factors of 242.
2, 11
List the prime factors of 275.
5, 11
What are the prime factors of 269?
269
List the prime factors of 44923.
167, 269
List the prime factors of 69989.
17, 23, 179
List the prime factors of 3362.
2, 41
List the prime factors of 8801.
13, 677
What are the prime factors of 528?
2, 3, 11
List the prime factors of 5940.
2, 3, 5, 11
What are the prime factors of 783?
3, 29
What are the prime factors of 21789?
3, 269
What are the prime factors of 6167?
7, 881
What are the prime factors of 4792?
2, 599
What are the prime factors of 15284?
2, 3821
List the prime factors of 56530.
2, 5, 5653
What are the prime factors of 22905?
3, 5, 509
What are the prime factors of 1683?
3, 11, 17
List the prime factors of 20534.
2, 10267
What are the prime factors of 15102?
2, 3, 839
What are the prime factors of 2052?
2, 3, 19
What are the prime factors of 91699?
107, 857
What are the prime factors of 7784?
2, 7, 139
What are the prime factors of 1059?
3, 353
What are the prime factors of 14879?
14879
List the prime factors of 7306.
2, 13, 281
What are the prime factors of 3368?
2, 421
List the prime factors of 692.
2, 173
List the prime factors of 3844.
2, 31
What are the prime factors of 101681?
101681
What are the prime factors of 46070?
2, 5, 17, 271
What are the prime factors of 66021?
3, 59, 373
What are the prime factors of 122?
2, 61
List the prime factors of 12492.
2, 3, 347
What are the prime factors of 9066?
2, 3, 1511
List the prime factors of 2872.
2, 359
List the prime factors of 133980.
2, 3, 5, 7, 11, 29
What are the prime factors of 2652?
2, 3, 13, 17
List the prime factors of 17133.
3, 5711
What are the prime factors of 140077?
7, 20011
What are the prime factors of 1173?
3, 17, 23
List the prime factors of 20472.
2, 3, 853
List the prime factors of 4311.
3, 479
List the prime factors of 1358.
2, 7, 97
List the prime factors of 52825.
5, 2113
What are the prime factors of 2470?
2, 5, 13, 19
What are the prime factors of 6258?
2, 3, 7, 149
List the prime factors of 10448.
2, 653
List the prime factors of 75999.
3, 7, 11, 47
What are the prime factors of 9396?
2, 3, 29
What are the prime factors of 698?
2, 349
List the prime factors of 1450.
2, 5, 29
What are the prime factors of 1179?
3, 131
List the prime factors of 52130.
2, 5, 13, 401
List the prime factors of 100791.
3, 3733
What are the prime factors of 47519?
19, 41, 61
What are the prime factors of 69995?
5, 13999
List the prime factors of 3143.
7, 449
List the prime factors of 6595.
5, 1319
What are the prime factors of 99175?
5, 3967
List the prime factors of 63962.
2, 31981
What are the prime factors of 1579?
1579
List the prime factors of 600.
2, 3, 5
List the prime factors of 444.
2, 3, 37
What are the prime factors of 29724?
2, 3, 2477
List the prime factors of 53964.
2, 3, 1499
What are the prime factors of 8248?
2, 1031
What are the prime factors of 2474?
2, 1237
What are the prime factors of 154?
2, 7, 11
List the prime factors of 5536.
2, 173
List the prime factors of 3492.
2, 3, 97
What are the prime factors of 1065?
3, 5, 71
List the prime factors of 18538.
2, 13, 23, 31
List the prime factors of 3282.
2, 3, 547
List the prime factors of 28474.
2, 23, 619
What are the prime factors of 392?
2, 7
List the prime factors of 1332.
2, 3, 37
List the prime factors of 62858.
2, 53, 593
What are the prime factors of 8392?
2, 1049
What are the prime factors of 2404?
2, 601
What are the prime factors of 33530?
2, 5, 7, 479
What are the prime factors of 15252?
2, 3, 31, 41
What are the prime factors of 6131?
6131
List the prime factors of 28084.
2, 7, 17, 59
What are the prime factors of 13516?
2, 31, 109
What are the prime factors of 300?
2, 3, 5
List the prime factors of 4683.
3, 7, 223
What are the prime factors of 2430?
2, 3, 5
What are the prime factors of 6357?
3, 13, 163
What are the prime factors of 2203?
2203
What are the prime factors of 672?
2, 3, 7
List the prime factors of 99193.
281, 353
What are the prime factors of 585?
3, 5, 13
What are the prime factors of 12269?
122